{"id":30,"date":"2013-03-01T16:18:42","date_gmt":"2013-03-01T15:18:42","guid":{"rendered":"http:\/\/www.lepennec.org\/partons\/?page_id=30"},"modified":"2013-03-21T16:09:15","modified_gmt":"2013-03-21T15:09:15","slug":"quoi-pourquoi","status":"publish","type":"page","link":"https:\/\/www.lepennec.org\/partons\/quoi-pourquoi\/","title":{"rendered":"Quoi &#038; Pourquoi ?"},"content":{"rendered":"<p><strong>Un voyage en v\u00e9lo en Europe : <\/strong><\/p>\n<p>L&rsquo;Europe nous semble \u00eatre un terrain de jeux id\u00e9al pour notre premi\u00e8re grande escapade. C&rsquo;est un continent extraordinaire, surtout d&rsquo;un point de vue am\u00e9ricain. Il offre une immense diversit\u00e9 culturelle et g\u00e9ographique, en plus d&rsquo;une fascinante histoire, enracin\u00e9es sur un territoire deux fois plus petit que le Canada, et accessible depuis la porte de notre appartement !<\/p>\n<p>Il y a plusieurs ann\u00e9es, Sandrine aurait plut\u00f4t imagin\u00e9 partir en camion. Mais le v\u00e9lo s&rsquo;est rapidement rapproch\u00e9 de nos convictions. C&rsquo;est un moyen de locomotion que nous utilisons quotidiennement et dont nous tirons une grande satisfaction. Il permet d&rsquo;avancer \u00e0 une vitesse raisonnable, ni trop rapide, ni trop lente, en totale autonomie, tant il est possible de lui faire supporter des charges cons\u00e9quentes. Et surtout, il avive la curiosit\u00e9 et la sympathie, ce qui favorise les rencontres. Nous aurions pu partir avec un \u00e2ne, mais nous n&rsquo;y connaissons rien. Et l\u00e0 encore le v\u00e9lo est moins exigeant, rarement malade, il peut dormir attach\u00e9, rester des jours sans manger et \u00eatre soign\u00e9 un peu partout en cas de m\u00e9forme.<\/p>\n<p>Finalement, ce voyage se veut une sorte de parenth\u00e8se que nous nous offrons. Petit temps d&rsquo;arr\u00eat du quotidien pour profiter, au del\u00e0 de la d\u00e9couverte des autres et de l&rsquo;ailleurs, d&rsquo;un temps de r\u00e9flexion sur notre propre vie et sur le sens que nous d\u00e9sirons lui donner. Nous aspirons \u00e0 une vie plus proche de nos convictions familiales, mat\u00e9rielles et \u00e9cologiques qui nous permetrrais de passer davantage de temps avec nos enfants, dans un environnement plus vert que le centre-ville de Nevers. Nous promettons \u00e0 Elouan qu&rsquo;un jour nous aurons une maison avec un jardin et des poules&#8230;<\/p>\n<p>C&rsquo;est ce d\u00e9sir qui oriente une partie de notre voyage et nous fera passer plusieurs semaines dans quelques \u00e9co-villages europ\u00e9ens. Nous avons envie de voir, d&rsquo;apprendre et d&rsquo;aider des projets auxquels nous croyons !<\/p>\n","protected":false},"excerpt":{"rendered":"<p>Un voyage en v\u00e9lo en Europe : L&rsquo;Europe nous semble \u00eatre un terrain de jeux id\u00e9al pour notre premi\u00e8re grande escapade. C&rsquo;est un continent extraordinaire, surtout d&rsquo;un point de vue am\u00e9ricain. Il offre une immense diversit\u00e9 culturelle et g\u00e9ographique, en plus d&rsquo;une fascinante histoire, enracin\u00e9es sur un territoire deux fois plus petit que le Canada, [&hellip;]<\/p>\n","protected":false},"author":1,"featured_media":245,"parent":0,"menu_order":0,"comment_status":"open","ping_status":"open","template":"","meta":{"footnotes":""},"class_list":["post-30","page","type-page","status-publish","has-post-thumbnail","hentry"],"_links":{"self":[{"href":"https:\/\/www.lepennec.org\/partons\/wp-json\/wp\/v2\/pages\/30","targetHints":{"allow":["GET"]}}],"collection":[{"href":"https:\/\/www.lepennec.org\/partons\/wp-json\/wp\/v2\/pages"}],"about":[{"href":"https:\/\/www.lepennec.org\/partons\/wp-json\/wp\/v2\/types\/page"}],"author":[{"embeddable":true,"href":"https:\/\/www.lepennec.org\/partons\/wp-json\/wp\/v2\/users\/1"}],"replies":[{"embeddable":true,"href":"https:\/\/www.lepennec.org\/partons\/wp-json\/wp\/v2\/comments?post=30"}],"version-history":[{"count":16,"href":"https:\/\/www.lepennec.org\/partons\/wp-json\/wp\/v2\/pages\/30\/revisions"}],"predecessor-version":[{"id":35,"href":"https:\/\/www.lepennec.org\/partons\/wp-json\/wp\/v2\/pages\/30\/revisions\/35"}],"wp:featuredmedia":[{"embeddable":true,"href":"https:\/\/www.lepennec.org\/partons\/wp-json\/wp\/v2\/media\/245"}],"wp:attachment":[{"href":"https:\/\/www.lepennec.org\/partons\/wp-json\/wp\/v2\/media?parent=30"}],"curies":[{"name":"wp","href":"https:\/\/api.w.org\/{rel}","templated":true}]}}

<p><strong>Un voyage en vélo en Europe : </strong></p>
<p>L&rsquo;Europe nous semble être un terrain de jeux idéal pour notre première grande escapade. C&rsquo;est un continent extraordinaire, surtout d&rsquo;un point de vue américain. Il offre une immense diversité culturelle et géographique, en plus d&rsquo;une fascinante histoire, enracinées sur un territoire deux fois plus petit que le Canada, et accessible depuis la porte de notre appartement !</p>
<p>Il y a plusieurs années, Sandrine aurait plutôt imaginé partir en camion. Mais le vélo s&rsquo;est rapidement rapproché de nos convictions. C&rsquo;est un moyen de locomotion que nous utilisons quotidiennement et dont nous tirons une grande satisfaction. Il permet d&rsquo;avancer à une vitesse raisonnable, ni trop rapide, ni trop lente, en totale autonomie, tant il est possible de lui faire supporter des charges conséquentes. Et surtout, il avive la curiosité et la sympathie, ce qui favorise les rencontres. Nous aurions pu partir avec un âne, mais nous n&rsquo;y connaissons rien. Et là encore le vélo est moins exigeant, rarement malade, il peut dormir attaché, rester des jours sans manger et être soigné un peu partout en cas de méforme.</p>
<p>Finalement, ce voyage se veut une sorte de parenthèse que nous nous offrons. Petit temps d&rsquo;arrêt du quotidien pour profiter, au delà de la découverte des autres et de l&rsquo;ailleurs, d&rsquo;un temps de réflexion sur notre propre vie et sur le sens que nous désirons lui donner. Nous aspirons à une vie plus proche de nos convictions familiales, matérielles et écologiques qui nous permetrrais de passer davantage de temps avec nos enfants, dans un environnement plus vert que le centre-ville de Nevers. Nous promettons à Elouan qu&rsquo;un jour nous aurons une maison avec un jardin et des poules&#8230;</p>
<p>C&rsquo;est ce désir qui oriente une partie de notre voyage et nous fera passer plusieurs semaines dans quelques éco-villages européens. Nous avons envie de voir, d&rsquo;apprendre et d&rsquo;aider des projets auxquels nous croyons !</p>

<p>Un voyage en vélo en Europe : L&rsquo;Europe nous semble être un terrain de jeux idéal pour notre première grande escapade. C&rsquo;est un continent extraordinaire, surtout d&rsquo;un point de vue américain. Il offre une immense diversité culturelle et géographique, en plus d&rsquo;une fascinante histoire, enracinées sur un territoire deux fois plus petit que le Canada, [&hellip;]</p>
