{"id":52,"date":"2013-03-02T09:23:47","date_gmt":"2013-03-02T08:23:47","guid":{"rendered":"http:\/\/www.lepennec.org\/partons\/?page_id=52"},"modified":"2013-10-03T08:07:04","modified_gmt":"2013-10-03T06:07:04","slug":"liens","status":"publish","type":"page","link":"https:\/\/www.lepennec.org\/partons\/liens\/","title":{"rendered":"Liens"},"content":{"rendered":"<p><strong>Sites de voyageurs \u00e0 v\u00e9lo :<\/strong><\/p>\n<p><a title=\"Mundubicyclette\" href=\"http:\/\/www.mundubicyclette.be\" target=\"_blank\">http:\/\/www.mundubicyclette.be\/<\/a> : le site d&rsquo;Alice &amp; Andoni partis pour un tour du monde de 3 ans en 2004 et repartis depuis 2010 avec leurs enfants.<\/p>\n<p><a title=\"http:\/\/rollingvoyage.over-blog.com\/\" href=\"http:\/\/rollingvoyage.over-blog.com\/\" target=\"_blank\">Rolling Voyage<\/a> : Le blog de nos amis, Patrick, Sophie &#038; Venise partis en juillet 2013 pour un an. Ils nous ont h\u00e9berg\u00e9s \u00e0 Massingy Les Vitaux, peu de temps apr\u00e8s notre d\u00e9part. Un couple fort sympathique qui voyage avec leur chien.  <\/p>\n<p><a href=\"http:\/\/www.kanakys.com\/ \" target=\"_blank\">http:\/\/www.kanakys.com\/ <\/a>: le site des Kanakys, Eric, Michelle &amp; Marilou partis pendant 6 mois avec leur petite fille en 2011 et qui repartent en 2014 pour rallier la Nouvelle-Cal\u00e9donie<\/p>\n<p><a href=\"http:\/\/enviroulemonde.free.fr\/\" target=\"_blank\">http:\/\/enviroulemonde.free.fr\/<\/a> : le site de Pierre &amp; Laure partis pendant presque 3 ans. Nous les avons h\u00e9berg\u00e9s \u00e0 leur retour.<\/p>\n<p><a title=\"https:\/\/flochloandcoavelo.wordpress.com\/\" href=\"https:\/\/flochloandcoavelo.wordpress.com\/\">https:\/\/flochloandcoavelo.wordpress.com\/ : <\/a>Florent, Chlo\u00e9 et leurs deux enfants, partis en mars 2013 le long de l&rsquo;eurov\u00e9lo6<\/p>\n<p><a title=\"http:\/\/www.cyclonomas.com\/\" href=\"http:\/\/www.cyclonomas.com\/\">http:\/\/www.cyclonomas.com\/<\/a> : David parti pour 10 ans.<\/p>\n<p><a title=\"http:\/\/petitsvelos.blogspot.fr\/ \" href=\"http:\/\/petitsvelos.blogspot.fr\/ \" target=\"_blank\">http:\/\/petitsvelos.blogspot.fr\/ <\/a>: Elise &amp; Thomas partis un an sur les traces de la route de la soie<\/p>\n<p><a title=\"http:\/\/elievadrouille.wordpress.com\/\" href=\"http:\/\/elievadrouille.wordpress.com\/\" target=\"_blank\">http:\/\/elievadrouille.wordpress.com\/<\/a> : Elie vadrouille jusqu&rsquo;en Australie<\/p>\n<p><a title=\"http:\/\/www.toutenmarchant.com\/\" href=\"http:\/\/www.toutenmarchant.com\/\" target=\"_blank\">http:\/\/www.toutenmarchant.com\/ <\/a>: ils ne sont pas \u00e0 v\u00e9lo mais \u00e0 pied pour un tour du monde.<\/p>\n<p>&nbsp;<\/p>\n<p><strong>d&rsquo;autres sites : <\/strong><\/p>\n<p><a title=\"http:\/\/fr.warmshowers.org\/\" href=\"http:\/\/fr.warmshowers.org\/\" target=\"_blank\">http:\/\/fr.warmshowers.org\/<\/a> :\u00a0Une communaut\u00e9 pour les cyclo-randonneurs et les h\u00f4tes.<\/p>\n<p><a title=\"https:\/\/vimeo.com\/groups\/wereldfietser\" href=\"https:\/\/vimeo.com\/groups\/wereldfietser\" target=\"_blank\">https:\/\/vimeo.com\/groups\/wereldfietser<\/a> : Pour tous ceux qui aiment l&rsquo;aventure de cyclotourisme dans le monde. Inspirez-vous et ajoutez vos films!<\/p>\n<p>&nbsp;<\/p>\n","protected":false},"excerpt":{"rendered":"<p>Sites de voyageurs \u00e0 v\u00e9lo : http:\/\/www.mundubicyclette.be\/ : le site d&rsquo;Alice &amp; Andoni partis pour un tour du monde de 3 ans en 2004 et repartis depuis 2010 avec leurs enfants. Rolling Voyage : Le blog de nos amis, Patrick, Sophie &#038; Venise partis en juillet 2013 pour un an. Ils nous ont h\u00e9berg\u00e9s \u00e0 [&hellip;]<\/p>\n","protected":false},"author":1,"featured_media":0,"parent":0,"menu_order":0,"comment_status":"open","ping_status":"open","template":"","meta":{"footnotes":""},"class_list":["post-52","page","type-page","status-publish","hentry"],"_links":{"self":[{"href":"https:\/\/www.lepennec.org\/partons\/wp-json\/wp\/v2\/pages\/52","targetHints":{"allow":["GET"]}}],"collection":[{"href":"https:\/\/www.lepennec.org\/partons\/wp-json\/wp\/v2\/pages"}],"about":[{"href":"https:\/\/www.lepennec.org\/partons\/wp-json\/wp\/v2\/types\/page"}],"author":[{"embeddable":true,"href":"https:\/\/www.lepennec.org\/partons\/wp-json\/wp\/v2\/users\/1"}],"replies":[{"embeddable":true,"href":"https:\/\/www.lepennec.org\/partons\/wp-json\/wp\/v2\/comments?post=52"}],"version-history":[{"count":17,"href":"https:\/\/www.lepennec.org\/partons\/wp-json\/wp\/v2\/pages\/52\/revisions"}],"predecessor-version":[{"id":934,"href":"https:\/\/www.lepennec.org\/partons\/wp-json\/wp\/v2\/pages\/52\/revisions\/934"}],"wp:attachment":[{"href":"https:\/\/www.lepennec.org\/partons\/wp-json\/wp\/v2\/media?parent=52"}],"curies":[{"name":"wp","href":"https:\/\/api.w.org\/{rel}","templated":true}]}}

<p><strong>Sites de voyageurs à vélo :</strong></p>
<p><a title="Mundubicyclette" href="http://www.mundubicyclette.be" target="_blank">http://www.mundubicyclette.be/</a> : le site d&rsquo;Alice &amp; Andoni partis pour un tour du monde de 3 ans en 2004 et repartis depuis 2010 avec leurs enfants.</p>
<p><a title="http://rollingvoyage.over-blog.com/" href="http://rollingvoyage.over-blog.com/" target="_blank">Rolling Voyage</a> : Le blog de nos amis, Patrick, Sophie &#038; Venise partis en juillet 2013 pour un an. Ils nous ont hébergés à Massingy Les Vitaux, peu de temps après notre départ. Un couple fort sympathique qui voyage avec leur chien.  </p>
<p><a href="http://www.kanakys.com/ " target="_blank">http://www.kanakys.com/ </a>: le site des Kanakys, Eric, Michelle &amp; Marilou partis pendant 6 mois avec leur petite fille en 2011 et qui repartent en 2014 pour rallier la Nouvelle-Calédonie</p>
<p><a href="http://enviroulemonde.free.fr/" target="_blank">http://enviroulemonde.free.fr/</a> : le site de Pierre &amp; Laure partis pendant presque 3 ans. Nous les avons hébergés à leur retour.</p>
<p><a title="https://flochloandcoavelo.wordpress.com/" href="https://flochloandcoavelo.wordpress.com/">https://flochloandcoavelo.wordpress.com/ : </a>Florent, Chloé et leurs deux enfants, partis en mars 2013 le long de l&rsquo;eurovélo6</p>
<p><a title="http://www.cyclonomas.com/" href="http://www.cyclonomas.com/">http://www.cyclonomas.com/</a> : David parti pour 10 ans.</p>
<p><a title="http://petitsvelos.blogspot.fr/ " href="http://petitsvelos.blogspot.fr/ " target="_blank">http://petitsvelos.blogspot.fr/ </a>: Elise &amp; Thomas partis un an sur les traces de la route de la soie</p>
<p><a title="http://elievadrouille.wordpress.com/" href="http://elievadrouille.wordpress.com/" target="_blank">http://elievadrouille.wordpress.com/</a> : Elie vadrouille jusqu&rsquo;en Australie</p>
<p><a title="http://www.toutenmarchant.com/" href="http://www.toutenmarchant.com/" target="_blank">http://www.toutenmarchant.com/ </a>: ils ne sont pas à vélo mais à pied pour un tour du monde.</p>
<p>&nbsp;</p>
<p><strong>d&rsquo;autres sites : </strong></p>
<p><a title="http://fr.warmshowers.org/" href="http://fr.warmshowers.org/" target="_blank">http://fr.warmshowers.org/</a> : Une communauté pour les cyclo-randonneurs et les hôtes.</p>
<p><a title="https://vimeo.com/groups/wereldfietser" href="https://vimeo.com/groups/wereldfietser" target="_blank">https://vimeo.com/groups/wereldfietser</a> : Pour tous ceux qui aiment l&rsquo;aventure de cyclotourisme dans le monde. Inspirez-vous et ajoutez vos films!</p>
<p>&nbsp;</p>

<p>Sites de voyageurs à vélo : http://www.mundubicyclette.be/ : le site d&rsquo;Alice &amp; Andoni partis pour un tour du monde de 3 ans en 2004 et repartis depuis 2010 avec leurs enfants. Rolling Voyage : Le blog de nos amis, Patrick, Sophie &#038; Venise partis en juillet 2013 pour un an. Ils nous ont hébergés à [&hellip;]</p>
